*2 - 3*k - 5*k**i + k**l. Give g(-3).
3
Let b(h) = 0 + 1 - h + 2. Let k = -3 + 6. Suppose -4*t + 4*i + 4 = 0, -4*t - i + 27 - k = 0. Determine b(t).
-2
Let v be (-33)/(-77) + 3/(-7). Let d(m) be the third derivative of 1/24*m**4 - 1/60*m**5 + 0 + 0*m - 11/6*m**3 - m**2. Determine d(v).
-11
Let x(z) be the second derivative of z**4/2 + z**3/6 - z. Let l be x(-1). Let o(g) = -1. Let i(n) = 2*n - 10. Let h(j) = -i(j) + 6*o(j). Give h(l).
-6
Let u(y) = -3*y + 1. Let d be (1 + (2 - 6))*1. Let r = 7 + d. Suppose -3 = r*q - q. Give u(q).
4
Let w(u) be the first derivative of -1/2*u**2 + 8 + 10*u. What is w(7)?
3
Let b(o) = -6*o**2 - 1. Let w = -23 + 25. Suppose -10 = 5*k - 5*d, k + 0*d = w*d - 5. Give b(k).
-7
Let m(y) = -y**3 + 4*y**2 - y. Let g(d) = -d - 2. Let q(a) = -a**2 - 4*a - 6. Let c be q(-4). Let o be g(c). Calculate m(o).
-4
Let z = 8 + -5. Let s(n) = n**2 + 0*n + 5 - 3*n - 6*n**2 - n**z. Let w = 15 + -19. Determine s(w).
1
Let g be ((-2)/(-4))/((-2)/(-12)). Let i(j) = g + 1 + 9 + j - 3. Calculate i(0).
10
Let f be ((-3)/(-6))/(1/(-4)). Let s = -4 + 4. Let u(k) = -k**2 + s*k - k + 3*k. Calculate u(f).
-8
Let o(b) = -b**2 + 4*b + 4. Let m(l) = -2*l - 6. Let y be m(-5). Let n(k) = 4 + k**2 - 5 - y*k + 3*k. Let a(u) = -2*n(u) - o(u). Calculate a(-2).
-2
Let m = 184 + -179. Let s(z) = z**2 - z - 3. What is s(m)?
17
Suppose 2*q = 4*q - 12. Let c(b) = 7*b + 3*b**3 + 3 - 11 - 7*b**2 - 5*b**3 + 3*b**3. Calculate c(q).
-2
Let i(v) = v**3 + 5*v**2 - 7*v - 6. Let y(c) = c**3 - 7*c**2 + 9*c - 1. Let t be y(5). Give i(t).
0
Let j(y) = -y + 1. Let l be j(4). Let t(n) = 9*n - 15*n + 11*n + 3. Give t(l).
-12
Let r(j) = j**2 + 5*j - 1. Suppose -g - 4*g + 10 = 0. Let y(n) = -2*n**2 + 2*n - 1. Let w be y(g). Determine r(w).
-1
Let p be (11 - 1)*4/10. Let o(n) be the first derivative of 4 - 5/2*n**2 - 1/4*n**4 + 5/3*n**3 + n. Determine o(p).
-3
Let m(p) = -p + 2. Suppose 5*j - 23 = b + 1, 0 = 5*j + 2*b - 12. Suppose -6 = -j*y + 2. Suppose -4*u + 39 - 11 = y*a, 4*u = 2*a + 12. Give m(u).
-3
Suppose -2*z = -4*r + 4, -5*z + 12 = -0*z + r. Let b(x) be the first derivative of -6*x + 1/2*x**z + 2. What is b(5)?
-1
Let b(s) be the first derivative of s + 1/3*s**3 + 4 - s**2. Give b(1).
0
Let r(h) = -5*h**2 - 15*h + 11. Let f(t) = -3*t**2 - 8*t + 6. Let u = 8 + -19. Let x(w) = u*f(w) + 6*r(w). Give x(2).
8
Suppose 2*c - 7*c - 31 = -3*i, -5*c - 29 = -2*i. Let a(y) = -y - 3 + 2*y**2 + 2*y**2 + i - 6*y**2 + 2*y**3. Determine a(2).
5
Let i(f) = 2*f**3 - 2*f**2 - 2*f + 1. Suppose 3 = 4*x - 5. Let c = 0 + x. Calculate i(c).
5
Let k(g) = -2*g - 2. Suppose 3*j - 4*p + 0*p = 14, 10 = -5*p. Determine k(j).
-6
Let p(a) = 4*a**2 + 1. Let d be p(1). Let s(g) = g**3 - 4*g**2 - 4*g - 2. Let f be s(d). Let i(b) = 2*b**3 + 3 + f*b**2 + b - 2*b - 3*b**3. Give i(3).
0
Let q(b) = b**2 + 2*b - 1. Suppose -3*u = -3 - 0. Suppose 0 = 4*l + 5*h + 17, 5*l + 11 + 0 = 4*h. Let s = l - u. Calculate q(s).
7
Let f(y) be the third derivative of -y**4/24 + y**3/2 + 2*y**2. Let w(u) = 2*u + 0 - 7 + 0. Let a be w(5). Determine f(a).
0
Let k(w) be the first derivative of -w**3/3 + 11*w**2/2 + 25. Give k(11).
0
Let h be 16/12 - 2/6. Let l(v) = v - 2. Give l(h).
-1
Let d(z) = z**3 + 4*z**2 - 11. Let k(q) = 2*q**2 - 5. Let o(y) = 4*d(y) - 9*k(y). What is o(1)?
3
Let i(j) be the first derivative of 1 - 1/3*j**3 + 5/2*j**2 - 2*j. Let o(u) = u + 2. Let y be o(2). What is i(y)?
2
Let p(s) = -s**2 + s + 1. Let n(z) = -3*z**2 + 9*z + 11. Let o(d) = n(d) - 4*p(d). Let r be 4 - (3 + (1 - 2)). Suppose r*t - 10 = 4*t. Give o(t).
7
Let c be 12/10*(-5 + 0). Let j(n) = -n**2 - 8*n - 6. Determine j(c).
6
Let m(q) be the second derivative of 7/2*q**2 - 1/6*q**3 - q + 0. What is m(0)?
7
Let v(f) = f + 1. Let n(p) = p**2 - 4*p. Let k(r) = n(r) - v(r). Determine k(7).
13
Let l(z) = -3*z + 3*z - 9*z**2 + 1. Give l(1).
-8
Let m be (-9)/3 + 1 - -3. Let l(v) = 4*v**3 - 1. What is l(m)?
3
Let y = -10 - -13. Let m(f) = y*f + 7*f - 3*f. Give m(1).
7
Let n(t) = 4*t + 0*t**2 + 0*t**2 + 4*t**2 + 2. Let i(c) = c**3 + c**2 - c - 1. Let m(z) = i(z) + n(z). Let j(d) = -d**2 + 4*d + 8. Let u be j(6). What is m(u)?
5
Let t(u) = -2*u. Let w be t(1). Let k(s) = -s**2. Let d(o) = o**2 - 5*o + 1. Let l be d(5). Let i(r) = 8*r**2 + r. Let z(m) = l*i(m) + 6*k(m). Calculate z(w).
6
Let c be 1 + -6 + -1 + 3. Let y(g) = 7*g**2 - 4*g - 8. Let a(d) = d**2 - d - 1. Let l(j) = 6*a(j) - y(j). Calculate l(c).
-1
Let s(t) = t**3 + 2*t**2 + 2*t + 3. Let n = 3 - 13. Let y be (-10)/n*(-3 + 1). What is s(y)?
-1
Let s = 3 - 3. Let b(n) be the third derivative of 0 - 1/60*n**5 - n**2 + 0*n + 1/2*n**3 + 1/120*n**6 + 1/24*n**4. Give b(s).
3
Let f(m) = -m**3 - 8*m**2 + 7*m - 4. Let c(k) = -3*k**3 - 17*k**2 + 14*k - 8. Let o(t) = -2*c(t) + 5*f(t). Give o(5).
6
Let n(g) be the first derivative of g**4/4 - 7*g**3/3 - g**2 + 8*g + 54. What is n(7)?
-6
Let s(a) = 9*a**3 + 8*a**2 - 6*a + 5. Let u be 94/14 + (-8)/(-28). Let p(d) = -10*d**3 - 9*d**2 + 7*d - 6. Let q(v) = u*s(v) + 6*p(v). Determine q(-1).
-2
Let w(t) = -16*t**3 - 3*t**2 + 2*t + 5. Let u(h) = 33*h**3 + 5*h**2 - 4*h - 9. Let c(g) = 4*u(g) + 7*w(g). What is c(-1)?
-20
Let o be (-34)/(-4) + 2/(-4). Let h = 11 - o. Let w(j) = j**3 - j + 3*j - h*j**2 - 4 - j**2. Determine w(4).
4
Suppose -5*m + 35 = 4*q, -4*q + 17 = -3. Suppose -1 - 8 = m*n. Let c(f) = -4 + 5*f**3 - 3*f**3 + 3*f**2 - 3*f**3 - 6*f**2 - 3*f. Give c(n).
5
Suppose 5 - 3 = 2*l. Suppose 3*r + 2*c = -0*r - l, -4*r - 2*c - 4 = 0. Let b(a) = -4*a - 3. Let m(n) = -n. Let t(j) = -b(j) + 3*m(j). What is t(r)?
0
Let h(z) = 0*z**3 - 1 - z**3 + 0 + z - z**2. Let w be ((-12)/8)/((-6)/(-8)). Determine h(w).
1
Suppose 0 = -y - 4*c - 8, -5*y - 10 = -0*y + 5*c. Let t(i) = -i**3 - i**2 + i + 2. Determine t(y).
2
Let k(y) = -6*y + 10. Let b(v) = 7*v - 11. Let f(r) = -4*b(r) - 5*k(r). Suppose 4*o + 4 = -2*t, 11 = -t + 3*t - o. Calculate f(t).
2
Let b(t) = 3*t**2 - 2*t + 1. Let z(s) = s + 5. Let n be z(-5). Suppose 2*d + n*d - 4 = 0. Let m be 2 + (-3)/(d + 1). Determine b(m).
2
Let t(j) be the first derivative of 2*j**2 + 1/3*j**3 - 1 + j. Give t(-3).
-2
Suppose 2*c + 2*c + 5*x - 10 = 0, -5*c - 5*x + 10 = 0. Let w(l) = l - 6. Let b be w(6). Let g(o) = o**2 + b*o**2 - 1 + 4 + 5 + o. What is g(c)?
8
Let n be (12/(-15))/((-2)/25). Suppose n = -2*q - 0. Let o(f) = f**2 + 8*f + 5. Calculate o(q).
-10
Let m(j) = 8*j + 140. Let g be m(-18). Let l(x) = -10*x - 5 - 4*x**2 + 3*x + 2*x**2. Determine l(g).
-9
Suppose z + 4 = 1. Let c = z + 3. Suppose c = r - 3*r + 6. Let k(i) = -i**3 + 4*i**2 - 4*i - 1. What is k(r)?
-4
Suppose 3*f = y - 16, 3*f + 4 = f - y. Let h(g) be the third derivative of 2*g**2 + 0*g + 0 - 1/60*g**5 - 1/6*g**3 - 1/8*g**4. Calculate h(f).
-5
Let a(t) be the third derivative of -t**9/60480 + t**8/5040 - t**7/1680 + t**6/240 - t**5/30 - 3*t**2. Let m(z) be the third derivative of a(z). Give m(2).
5
Let p be ((-8)/5)/((-2)/(-5)). Let n(z) = 11*z**3 + z**2 - 12*z - 26. Let d(s) = 4*s**3 - 4*s - 9. Let h(a) = 8*d(a) - 3*n(a). What is h(p)?
6
Let c(g) = -g + 1. Suppose -a - 4 = 2*o, 0*a - 4*o - 8 = -2*a. Calculate c(a).
1
Let l(x) = x - 6. Let h(f) = -f**3 - 4*f**2 - f + 4. Let p be h(-3). Let n = p + -3. Determine l(n).
-11
Let i(u) be the second derivative of -u**5/20 - 11*u**4/12 - u**3/3 - 8*u**2 - 9*u. Let d be i(-11). Let a(w) = w - 2. Determine a(d).
4
Suppose 6*q + 6 = 9*q. Let a(w) = 3*w - 3. Let c be a(2). Let t(x) = 0*x**2 + x**2 + x - 6*x**c - 3*x**q. Give t(1).
-7
Let h(k) = 2*k + 8. Let u(m) = -m**3 + 26*m**2 + 27*m - 7. Let x be u(27). What is h(x)?
-6
Let t(h) be the first derivative of -2*h**2 - 2*h + 11. Give t(-2).
6
Suppose 2*i - 10 = 3*q, -3*i = -4*i - 3*q + 14. Suppose -2*c = -2*d + c + i, -3*d - 1 = 2*c. Let g(y) = d - 3 + y - 2*y. Give g(0).
-2
Suppose -5 = -f - 3. Let j(o) = o**3 - 2*o**2 + 2. Give j(f).
2
Let q(n) be the third derivative of -n**5/30 - 5*n**4/24 - n**3/6 - 3*n**2. Suppose -5*j = -5*c + 6 + 34, 0 = 2*j + 3*c - 4. What is q(j)?
-13
Let a be (-2)/1 - -2 - 3. Let o(f) = f. Let j(i) = -4*i - 1. Let m(p) = a*o(p) - j(p). Give m(-5).
-4
Let f(p) = 7 - p + 0 - 7. Give f(3).
-3
Suppose -4*v = 2*j - 16, 6*j - 3*j + 2*v = 12. Let u(k) = -k**2 - k + 5. Let l(f) = -4*f**2 - 3*f + 21. Let c(h) = -2*l(h) + 9*u(h). Calculate c(j).
-7